8 - -16 - 15) + 3.
-4
Calculate 0 + 1 + (-16 - (-23 - -4)).
4
6 + (-1 - 1 - (-4 - -7))
1
What is 1 - 0 - (-2 + (6 - 7))?
4
Calculate 3 - 1 - (7 + -4 - -1).
-2
Evaluate -2 + (3 - (5 + -5)).
1
What is (-1 - 1) + -2 - -5 - 4?
-3
What is the value of 4 + -7 + 1 + 2?
0
3 - (4 - (-5 + 0 - -1))
-5
What is 3 + 7 + -14 - 1?
-5
What is the value of 1 + -9 + 7 + 1?
0
What is -4 - (-4 - (9 - 6))?
3
Calculate -2 + (0 - -2 - -3).
3
Evaluate 0 + 6 + 1 + -6.
1
What is (-12 + -19 - -15) + 8 + 0?
-8
Calculate 3 - -1 - ((-5 - -11) + -6).
4
Calculate 28 + -25 - (4 + -1).
0
What is -4 - -10 - 1 - (2 - -1)?
2
-9 + 8 - 0 - 4
-5
What is the value of -21 + 32 - (2 + -4 - -2)?
11
Evaluate -4 - -8 - 5 - (-5 - 0).
4
What is the value of (-4 - (2 + -1)) + (2 - -2)?
-1
16 + (-9 + -7 - -6)
6
Calculate -2 - 1 - (-4 - 0).
1
What is the value of -3 + 1 + 5 - (3 - 0)?
0
Calculate (2 - 3 - -2) + 107 + -105.
3
1 + -7 + 1 + 2
-3
(-7 - -4) + -2 - -1
-4
1 + 1 + (0 - 9) + 7
0
Calculate 8 + 0 - (7 + -19 + 15).
5
What is the value of -6 + 2 - ((0 - -5) + -4)?
-5
Calculate 1 + 4 + -9 + 7 + -4.
-1
What is the value of -4 + 5 - 6 - 3?
-8
What is (-2 - (-2 - -1)) + (-140 - -140)?
-1
What is (-129 - -132) + (1 - -5)?
9
Evaluate 25 + -14 + (-3 - -2).
10
Evaluate 5 - (1 - (-2 + -3)).
-1
What is the value of -9 + 4 - -9 - 2?
2
Evaluate -2 - (9 + 4 + -12).
-3
Evaluate 0 + (-6 - (-3 + 1)).
-4
Evaluate 8 - (12 - 6 - -1 - 4).
5
Calculate -6 + (28 - 22) + -1 + 1.
0
Evaluate (-16 - -11 - -6) + 1 + -12.
-10
What is -2 - (-2 - ((2 - -1) + -1))?
2
What is -4 + -6 + 11 + 1?
2
What is the value of -8 - (6 + -11) - -3?
0
What is the value of 37 + -35 - (-1 + 2 + -4)?
5
What is the value of (-9 - 0) + 6 - (2 - -1)?
-6
Calculate 1 + 4 + (-1 + -5 - -3).
2
Calculate 0 - (4 - 1) - (7 - 11).
1
Evaluate -6 - (-4 - 5 - -6 - -2).
-5
What is the value of -5 + (4 - -7) - (5 - 1)?
2
Evaluate 9 + (-7 + -5 - -5).
2
Calculate 2 - 1 - (-4 - -10).
-5
What is the value of -3 - ((-1 - 4) + 1) - 3?
-2
(3 + -2 - -8) + -6
3
Calculate (7 - 5) + -12 - -1 - -3.
-6
Calculate (2 - -1) + (5 - 17).
-9
What is the value of -6 - (4 + 2 + 0 + -5)?
-7
Evaluate 0 - (0 - (-2 + -4 - -5)).
-1
What is the value of (-3 - 3) + 15 - 4?
5
What is 3 + (-5 - (2 - 0 - 4))?
0
What is the value of (10 - -1) + 2 + 0 + -5?
8
What is the value of 5 - (-1 + 2) - (-2 - -7)?
-1
What is the value of 7 + -1 + -14 + 10?
2
What is (-3 - -5 - 4) + 2 + -2?
-2
What is (-6 - (-10 - -7)) + (-1 - 2)?
-6
Evaluate 8 + (3 - 4 - (-14 + 11)).
10
What is the value of 29 + -29 + (-2 - (2 + 1))?
-5
Evaluate -2 + (0 - 0 - (34 + -40)).
4
(-10 - -17) + -12 + 2
-3
What is -3 + (-2 - (-4 - 2))?
1
What is -1 + -2 + -6 - -4?
-5
(-13 + 7 - -12) + 7 - 7
6
Evaluate -17 + 14 + 6 + -1.
2
Evaluate (-3 - 7) + 7 - -9.
6
What is (-5 + 9 - (5 + -2)) + -4?
-3
What is the value of -17 + 11 - (0 + 0)?
-6
7 + -10 + -4 + -1 + 3
-5
What is (-3 - (4 + -6)) + -3 - 4?
-8
Calculate -5 + -1 + 3 + -1 + 2.
-2
What is -10 - -3 - -2 - (1 - 9)?
3
Evaluate 2 - 5 - (-2 - 1).
0
Calculate (-2 - (5 - 4)) + 1.
-2
-2 + (7 - 14) + 1
-8
What is -2 + 0 - (9 - 17)?
6
Calculate (1 - -13 - 6) + -2.
6
What is (3 - 1) + -30 + 31?
3
Evaluate 11 - (-5 - (-19 - -11)).
8
-1 - (1 - (-5 + 3 + 2))
-2
Evaluate (3 + 0 + 1 - 2) + 1.
3
Calculate (-3 - (-1 - -1)) + 8.
5
What is the value of 7 + -4 + -9 + 3?
-3
Evaluate (5 - (-2 + 2)) + -5.
0
11 + -18 + 1 + (3 - 0)
-3
Calculate 5 - (-6 + 8 - 3).
6
Evaluate 4 + 1 + -15 - (-2 - 3).
-5
What is -2 + (-1 - -3) + 2 - -1?
3
-2 - (4 + (-2 - 2)) - -1
-1
Calculate -1 - (-4 - 0) - 3.
0
17 + -15 + 1 + 0
3
Evaluate -9 + -2 - (1 - 2).
-10
Calculate -8 - (2 - (-4 + (3 - -8))).
-3
Calculate -6 + 16 + -8 - (3 - 1).
0
What is -2 + 0 + -3 + 4 + -1?
-2
Calculate -5 + -1 - 0 - -6 - 2.
-2
What is -4 - -5 - 0 - 4?
-3
What is the value of 6 - (10 + 3 + -4) - -3?
0
What is (-2 - 0) + -5 + 6?
-1
What is the value of (7 - 0 - 2) + -16 + 9?
-2
What is the value of -4 + -2 + 6 - 2?
-2
What is the value of 4 - ((11 - 6) + 4)?
-5
What is (-1 - -29) + -14 + (-7 - 0)?
7
Evaluate -4 - (6 + (13 - 26)).
3
What is the value of -2 - ((11 - 7) + -1 + 0)?
-5
(-6 - 0) + -38 + 49
5
Calculate -4 - (14 - 7 - 11) - 3.
-3
(0 + 2 - (-1 - -1)) + 3
5
What is -6 + (1 - (-12 - -6))?
1
1 + (-9 - -1) - (-3 + 1)
-5
What is the value of 18 - -6 - (21 + -6)?
9
Evaluate 13 - 1 - (-38 - -46).
4
What is 5 + -8 + 10 + -9?
-2
Evaluate (8 - 11) + 9 + -8.
-2
Calculate -9 - -2 - 6 - -9.
-4
What is the value of -6 + 1 + (1 - (-6 - -3))?
-1
Evaluate 8 + (9 + -14 - 5).
-2
8 - (0 + 2 - -3)
3
(-1 - 0) + (-21 - -24)
2
Calculate -2 + 1 + -2 - 1.
-4
What is the value of 0 + -10 - -5 - 0?
-5
Evaluate 0 + (3 + 2 - 2).
3
Calculate 2 - ((-11 - (-4 + -4)) + 7).
-2
Evaluate 4 - (2 - -3) - -3.
2
What is the value of -8 - (3 - 11) - -3?
3
-2 - (2 + 1 + -2 - 1)
-2
-4 - (-9 + (-4 - -4))
5
What is (-5 - (8 - 5)) + 4?
-4
What is the value of 1 - (1 - (1 + 3)) - 9?
-5
What is the value of 6 + (-9 - (0 + 2))?
-5
-7 + -1 + 11 - 4
-1
Calculate 1 + 0 + -1 - (-32 - -33).
-1
What is the value of 16 + -12 + 13 + -15?
2
What is -30 - -15 - (-7 + -2)?
-6
What is (7 - 13) + (-3 - -8) - 5?
-6
What is the value of -2 + 0 - (18 - 10 - 8)?
-2
What is (10 - 17) + 3 + 0?
-4
What is the value of 1 + (-2 - -4) - 0?
3
Calculate -5 + (-4 - (-28 + 12)).
7
What is the value of -2 - (0 - 12 - -5)?
5
What is the value of 3 + 1 + -4 + 2?
2
What is -4 + (-2 - -2) + (-21 - -25)?
0
Calculate (-7 - (-7 + 1)) + (1 - -5).
5
Evaluate 2 + 2 + -3 - (13 - 16).
4
Calculate 3 + -6 + 4 - (7 - 0).
-6
Calculate 2 + -2 - 4 - 0.
-4
What is 2 + 0 + 5 - (-2 - -6)?
3
What is 6 + -1 + 1 + -10?
-4
-14 - -6 - (-1 + -4)
-3
Calculate -5 - 3 - (-1 + -2 + 0).
-5
What is 1 + (-2 - 0) - (-16 + 12)?
3
Evaluate 0 - (-7 + 9) - 2.
-4
What is the value of -5 - ((7 - 1) + -17) - 12?
-6
What is 0 + ((1 - 2) + -2 - -5)?
2
7 + 3 + 1 + -6
5
What is the value of 0 + (0 - -1) + 1 + -5?
-3
What is 4 + -2 - -7 - (-29 - -30)?
8
Evaluate 1 - (-3 + (-1 - (3 - 4))).
4
What is -5 - (-2 + 1) - -10?
6
Evaluate 6 + -6 + -4 + 9.
5
What is -12 - (12 + -9) - -12?
-3
-1 - (-3 - -11 - (-7 + 14))
-2
What is -2 + 1 + -3 - 1?
-5
Evaluate -1 + (1 - -2) - (1 + 1).
0
Evaluate -6 + -1 + (-34 - -34) + 15.
8
What is the value of (-4 - -9) + (0 - (4 - -6))?
-5
-6 + 1 + (-2 - -2) + -1
-6
Evaluate 5 + (0 - (3 - 2) - 0).
4
What is (0 + (-7 - 0) - -4) + 4?
1
Calculate (6 - (-4 + 9 + -1)) + -8.
-6
6 - 8 - (0 + -2)
0
Calculate 1 + (-3 + 13 - 5).
6
2 + (-10 - -7 - (0 - 3))
2
Evaluate 1 + (5 - 13) + 6.
-1
What is the value of 0 - 3 - (-10 - -2)?
5
Evaluate ((1 - -6) + -3 - 4) + -4.
-4
Calculate 164 + -156 + (-1 + -1 - 4).
2
Evaluate 2 + 2 - 3 - 4.
-3
What is the value of (-10 - (-6 + -1)) + -1 + 7?
3
What is the value of -1 - (-5 - (0 + -2))?
2
Calculate -1 + 2 - -1 - (143 - 138).
-3
What is -2 + -3 + -3 + 4 + 4?
0
What is the value of -2 - 2 - 1 - -3?
-2
What is the value of 4 + (-14 - (-6 - -1)) + 6?
1
What is the value of 0 + -2 + 9 + -6?
1
Evaluate -4 - (0 + (-10 + 4 - -1)).
1
Evaluate -3 - (-3 + (-2 - (2 + -4))).
0
Evaluate 3 + -2 - (-14 - -20).
-5
3 - (2 - (2 + 0))
3
Calculate 10 - (-11 + 1 + 17).
3
Evaluate (1 - (3 + 0)) + -4.
-6
Evaluate 18 + -11 + (0 - 11).
-4
What is -7 - (1 + -2 + 3)?
-9
What is the value of 0 + 3 + 2 - 6?
-1
Evaluate -14 - ((6 - 10) + -10).
0
Calculate 1 + -16 - -9 - -4.
-2
-4 + 11 + 21 + -32
-4
What is 0 + 6 - (-39 + 42)?
3
What is the value of (3 - -2) + -1 - (-2 - -4)?
2
What is (-8 - -27 - 9) + -4?
6
What is (-5 - -1) + (0 + 4 - -5)?
5
Calculate 3 + -4 + 4 - 2 - -3.
4
What is 5 + 4 + (-4 - 1 - 1)?
3
-3 - (-7 - -7) - 1
-4
Calculate (2 - 7 - 0) + -1 - -1.
-5
7 - (24 - (18 - 10))
-9
What is (-26 - -28) + (0 - (-1 + 1))?
2
-3 + 0 + (8 - 11 - -1)
-5
Calculate -1 + 0 + (3 - (-5 - -11)).
-4
Calculate -5 + (-3 - -8) - 4.
-4
Evaluate 12 - (5 + 0 + 1).
6
Evaluate 1 - ((-8 - -3) + 2) - 1.
3
What is -6 + 1 - (-17 + 15)?
-3
What is the value of -4 - -10 - 6 - 6?
-6
Calculate 15 - 5 - 5 - 0.
5
-6 - (-9 - (0 - 5))
-2
-1 - ((2 - -1) + 1)
-5
What is 0 - (-2 + -1 + 7)?
-4
(2 - (0 + 2)) + 5 + -8
-3
Evaluate (-4 - -1 - 2) + 2.
-3
What is 1 + (-5 - 7) - -7?
-4
Evaluate -12 + (-8 - -8) + 10.
-2
What is the value of 0 - -3 - 12 - -13?
4
Evaluate 3 + ((5 - 10) + 5 - 6).
-3
What is -3 + (-1 - (3 + -2 - 4))?
-1
What is the value of -5 + (4 - -3) + -2 - 